visor of 15750 and 675?
225
Calculate the greatest common factor of 54 and 102.
6
What is the highest common factor of 6 and 1461?
3
What is the highest common divisor of 172 and 430?
86
Calculate the highest common divisor of 9 and 207.
9
What is the highest common factor of 610 and 9882?
122
What is the greatest common factor of 23 and 27600?
23
What is the greatest common divisor of 507 and 819?
39
Calculate the greatest common factor of 25 and 5.
5
Calculate the greatest common factor of 1251 and 556.
139
Calculate the highest common divisor of 39177 and 54.
27
What is the greatest common divisor of 297 and 27?
27
What is the greatest common divisor of 78 and 26?
26
Calculate the greatest common factor of 2407 and 319.
29
What is the greatest common factor of 770 and 56?
14
What is the greatest common divisor of 81 and 729?
81
Calculate the greatest common factor of 3993 and 22.
11
Calculate the greatest common factor of 99 and 225.
9
Calculate the greatest common divisor of 36 and 14.
2
Calculate the greatest common divisor of 448 and 272.
16
What is the highest common divisor of 99 and 11?
11
What is the greatest common divisor of 41 and 1763?
41
What is the highest common divisor of 18 and 3546?
18
What is the highest common factor of 18 and 8?
2
What is the greatest common factor of 615 and 1815?
15
What is the highest common factor of 750 and 60?
30
What is the highest common factor of 27278 and 46?
46
Calculate the highest common factor of 972 and 12.
12
Calculate the highest common divisor of 189 and 21.
21
Calculate the highest common divisor of 37 and 407.
37
What is the greatest common divisor of 3 and 141?
3
Calculate the greatest common factor of 25454 and 55.
11
Calculate the highest common factor of 144 and 27.
9
Calculate the greatest common divisor of 5610 and 264.
66
What is the highest common factor of 910 and 14?
14
What is the greatest common factor of 64 and 176?
16
Calculate the highest common divisor of 4961 and 41.
41
Calculate the highest common factor of 102 and 4314.
6
Calculate the greatest common factor of 5447 and 13.
13
Calculate the highest common divisor of 150 and 3375.
75
What is the highest common divisor of 24 and 152?
8
Calculate the highest common factor of 63 and 3843.
63
What is the greatest common factor of 96 and 1098?
6
Calculate the greatest common divisor of 40 and 220.
20
What is the greatest common factor of 323 and 456?
19
What is the highest common factor of 1390 and 1946?
278
What is the greatest common divisor of 60 and 3480?
60
What is the highest common factor of 434 and 21?
7
What is the greatest common divisor of 17 and 17?
17
Calculate the greatest common divisor of 5866 and 49.
7
What is the greatest common factor of 30 and 80?
10
What is the greatest common factor of 1704 and 8?
8
What is the highest common divisor of 200 and 120?
40
Calculate the greatest common divisor of 36 and 144.
36
Calculate the highest common factor of 36 and 32.
4
What is the highest common factor of 36 and 1956?
12
Calculate the greatest common factor of 954 and 18.
18
What is the highest common factor of 2344 and 16?
8
What is the highest common factor of 78 and 858?
78
Calculate the greatest common divisor of 5250 and 910.
70
What is the highest common factor of 152 and 19?
19
What is the greatest common divisor of 84 and 147?
21
What is the greatest common divisor of 316 and 4?
4
Calculate the highest common divisor of 70 and 170.
10
What is the highest common factor of 4161 and 57?
57
Calculate the highest common factor of 32 and 1696.
32
Calculate the greatest common factor of 1403 and 61.
61
What is the greatest common divisor of 111 and 27?
3
Calculate the highest common divisor of 21 and 3549.
21
What is the greatest common divisor of 3619 and 308?
77
Calculate the greatest common factor of 930 and 270.
30
What is the highest common factor of 364 and 56?
28
Calculate the highest common divisor of 205 and 2788.
41
Calculate the highest common factor of 133 and 665.
133
Calculate the greatest common divisor of 588 and 1666.
98
Calculate the greatest common factor of 1278 and 36.
18
What is the highest common factor of 261 and 1711?
29
What is the highest common factor of 50 and 74?
2
Calculate the greatest common divisor of 119 and 136.
17
What is the greatest common divisor of 1 and 5?
1
Calculate the highest common factor of 20340 and 90.
90
Calculate the greatest common divisor of 9 and 5787.
9
What is the highest common factor of 535 and 15?
5
What is the greatest common factor of 2070 and 90?
90
What is the greatest common factor of 138 and 4416?
138
Calculate the highest common factor of 72 and 99.
9
Calculate the greatest common factor of 2241 and 54.
27
What is the highest common divisor of 900 and 108?
36
What is the greatest common divisor of 42 and 6?
6
Calculate the highest common factor of 4950 and 30.
30
Calculate the greatest common factor of 40 and 9560.
40
What is the greatest common factor of 3425 and 25?
25
What is the highest common divisor of 42 and 70?
14
Calculate the highest common divisor of 9 and 48.
3
What is the greatest common factor of 26 and 2?
2
What is the greatest common factor of 4 and 246?
2
What is the greatest common factor of 704 and 154?
22
What is the highest common divisor of 165 and 275?
55
What is the highest common divisor of 17 and 714?
17
Calculate the highest common factor of 48 and 4504.
8
Calculate the highest common divisor of 90 and 7650.
90
What is the highest common factor of 56 and 497?
7
What is the greatest common divisor of 1133 and 66?
11
Calculate the highest common factor of 12005 and 70.
35
What is the greatest common divisor of 66 and 1749?
33
Calculate the highest common divisor of 19 and 1.
1
Calculate the greatest common factor of 288 and 108.
36
Calculate the highest common divisor of 1137 and 15539.
379
What is the highest common factor of 75 and 10?
5
What is the greatest common factor of 407 and 11?
11
What is the highest common factor of 6014 and 291?
97
What is the highest common factor of 748 and 476?
68
Calculate the greatest common factor of 255 and 5440.
85
Calculate the greatest common divisor of 945 and 297.
27
Calculate the highest common divisor of 129888 and 288.
288
Calculate the greatest common divisor of 248 and 217.
31
What is the highest common factor of 760 and 57?
19
Calculate the highest common factor of 1358 and 14.
14
Calculate the greatest common divisor of 104 and 1079.
13
Calculate the greatest common factor of 42783 and 39.
39
Calculate the greatest common divisor of 10695 and 31.
31
What is the greatest common factor of 11 and 473?
11
What is the highest common divisor of 33 and 141?
3
What is the greatest common divisor of 113 and 113?
113
What is the greatest common divisor of 820 and 640?
20
Calculate the highest common divisor of 13 and 910.
13
Calculate the highest common divisor of 377 and 637.
13
Calculate the highest common factor of 514 and 12079.
257
Calculate the greatest common divisor of 45 and 19755.
45
Calculate the greatest common factor of 1243 and 226.
113
What is the highest common divisor of 48 and 456?
24
What is the greatest common divisor of 585 and 78?
39
What is the greatest common divisor of 48 and 4656?
48
Calculate the highest common divisor of 29 and 4.
1
Calculate the highest common factor of 85 and 918.
17
Calculate the highest common divisor of 89 and 2848.
89
Calculate the greatest common divisor of 6045 and 455.
65
What is the greatest common factor of 258 and 48?
6
Calculate the highest common factor of 9 and 24.
3
Calculate the greatest common divisor of 59 and 295.
59
What is the highest common divisor of 155 and 403?
31
What is the highest common divisor of 68 and 20?
4
Calculate the greatest common factor of 48 and 11112.
24
What is the highest common factor of 920 and 40?
40
What is the greatest common factor of 2295 and 135?
135
What is the highest common divisor of 58 and 377?
29
What is the greatest common divisor of 2254 and 98?
98
Calculate the highest common divisor of 100 and 75.
25
Calculate the highest common factor of 1100 and 50.
50
Calculate the highest common factor of 65 and 13.
13
What is the highest common divisor of 430 and 43?
43
What is the h